at is the value of (-12 - (-8 - (-15 + (23 - 11)))) + 19?
12
What is the value of 2 - (5 + (3 - 15)) - (1 - 5)?
13
What is the value of -8 - (-11 - -13) - (-13 - (-104 + -20))?
-121
What is -304 + 351 + -42 + 122?
127
Evaluate (-3 + 1 - (4 - 0)) + -1 + -15 + 9.
-13
What is the value of 5 - (4 + 13 - (-6 + 58)) - 11?
29
(38 - 15 - -50) + -30
43
What is (15 - (22 - -5)) + 63?
51
Calculate (1 - -2) + (8 - 19) + (-56 - -116).
52
17 + -3 + (-34 - -29) + 60
69
What is the value of -1 + (15 - (0 - -30)) - -45?
29
What is (907 - 871) + -179 + 1 + (-5 - -22)?
-125
Calculate 29 + -7 + -13 + 4 - (-2 + -7).
22
Evaluate (27 - 38) + 13 + (1 - -6).
9
Calculate 7 - (83 - (6 - 16 - 4 - -17)).
-73
Calculate -11 - -2 - 3 - (-23 + (32 - (7 + 19))).
5
(-5 - -2 - 1) + (-99 - -61) - 10
-52
-8 + (-7 - (-23 + 19)) + (35 - -2)
26
Evaluate -63 + (9 - -30) - (-99 - -47).
28
Calculate 0 - ((97 - 41) + 37).
-93
What is the value of 4 + -8 - 4 - 38 - (-71 - -57)?
-32
Evaluate ((2 - 1) + -45 - (12 - 1)) + (-6 - 3).
-64
What is (18 - -8 - 28) + 17?
15
Evaluate (3 - -2 - 3) + (18 - (26 + -21 - 13)).
28
Calculate 553 + -613 + (-6 + 1 - (4 + -2)).
-67
What is -10 - (6 - ((32 - 8) + -7 + -10 + 0))?
-9
-60 - ((-208 - -169) + 14 + 5)
-40
What is -6 - (-21 - (-37 - (-18 + 12)))?
-16
Calculate 82 - ((23 - 13) + -11 - 7 - -8).
82
(47 - 11 - 44) + (0 - 28) - -13
-23
What is the value of 46 + (5 - 1) + (6 - -8 - 9 - 6)?
49
Calculate -120 + -43 - (-126 + 27).
-64
Calculate 50 - (28 + -45 + 66).
1
What is -4 + (-158 - -163) + (4 + -17 - -5)?
-7
Evaluate (35 - 28) + (-44 - -9).
-28
What is -2 + 148 + (9 - (5 + (-1 - -32) + -18))?
137
(-19 + 7 - -62) + -24
26
What is the value of (-1240 - -1106) + (-1 + 14 + -2 - (-18 + 22))?
-127
What is -100 - (12 - -45) - -49?
-108
What is (-1291 - -1239) + 2 + 42?
-8
What is -62 + (6 - (10 + -14) - 12) + 13?
-51
What is 1 + (12 - -10) - (13 - 13)?
23
What is 16 + -16 + (-3 - (13 + 6 + -2))?
-20
Calculate -113 + 26 + (16 - -3 - (-2 - -11)).
-77
Calculate (-85 - -95) + -3 + (9 - -4).
20
Calculate 52 + (-60 - 48) + 62.
6
What is (34 - (20 + -9)) + -22 + 1?
2
(-124 - -196) + (66 - 61)
77
Calculate (6 + -1 - (15 - 1)) + (-38 - -36).
-11
3 - (0 + 4) - 8 - (78 - 49)
-38
56 - 66 - (83 - (11 - 10))
-92
Evaluate (-27 - (-14 + -3)) + 5 + (28 - 22).
1
Calculate -3 + 8 - ((70 - 41) + -15 + 0).
-9
What is (-43 - 0) + (-34 - (-29 - (15 + -26)))?
-59
What is (-11 - 0) + (-3 + 27 - (191 - 128))?
-50
(-19 - (8 - 3)) + 0 - 29
-53
-86 - -112 - (-32 + -6)
64
Calculate 0 + 0 + (6 - 5) - (-62 + 27 + 145).
-109
What is the value of 13 + 10 + -15 + 3 + -13?
-2
Evaluate 4 + (2 + 29 - (-1 - 5)) + -6 + -3.
32
(-17 - -57) + -28 - (18 - 46)
40
What is the value of 19 + (-51 - -61) - (13 - 74)?
90
Evaluate -37 - -14 - (-35 + 57).
-45
Calculate -10 - (-11 + 7) - (-1 + 0) - (-74 - -87).
-18
5 + -50 - (22 + -19 - (-2 + 17))
-33
Calculate (-2 - (-4 - -5)) + 2 - (15 - 10).
-6
What is (49 - (3 + 56)) + (1 - -1) - -43?
35
What is 13 + -5 + -3 - (-27 - -40) - (-4 + 0)?
-4
(-20 - (-29 - -11)) + -4 + (9 - -3)
6
Calculate -56 - ((-49 - -56) + -3 + -23).
-37
-92 - (-26 - -23 - 50 - -26)
-65
-7 + (-9 - 6) + -26 + (-36 - -197)
113
What is (-29 - (-8 - 15)) + (-48 - -9)?
-45
-586 + 573 - (83 + 10 - 3)
-103
66 + (0 - (62 - 47))
51
What is (-2545 - -2542) + 1 + (1 - 1) + 0 + -49?
-51
What is the value of (54 - -104) + -123 - 76?
-41
What is the value of -46 - ((-5 - 1) + -35 + 74 + -34)?
-45
Calculate -64 + (-11 - (-90 - -45)).
-30
What is the value of -20 + (-34 - 8) - (16 + 1)?
-79
What is -15 + (26 - -79 - 69)?
21
Calculate -9 - ((8 + 12 - -5) + -16).
-18
What is the value of -106 + (158 - (68 + -46))?
30
What is (3 - (-3 - -6)) + (-26 - -24) + 0 + -7?
-9
What is the value of -4 + -36 + (130 - (35 + -32))?
87
Evaluate -614 + 625 - ((-31 - -4) + -1).
39
Evaluate (28 + -15 - (-8 + 22 + 1)) + 11 + -4.
5
Evaluate -18 - 3 - (43 - (-43 - -192)).
85
128 + (-26 - (-37 - -208))
-69
(-137 - -27 - 1) + (-8 + 2 - -21)
-96
Evaluate 0 + -1 + 19 + -1 + 3 + 254 + -258.
16
-96 + -15 + 46 + 1 + (-12 - -6) + 2
-68
What is the value of -45 + -3 + 1 + (-41556 - -41628)?
25
What is the value of (2 + (6 - 8) - -46) + -13?
33
What is (4 - 2) + (42 - ((-1 - 0) + -4)) + -1?
48
What is -85 - (-4 + -169 + 131)?
-43
What is (364 - 371) + ((5 + -10 - -5) + 6 - -63)?
62
Calculate -7 + 1 + 85 + -65 + (2 - 4 - 72).
-60
What is (37 - -1) + -4 - 46?
-12
-31 - (-42 - -21) - (2 + -24)
12
What is -2 + -66 - (-41 + -20 + 76 + -10)?
-73
Calculate -6 - (-3 - 13) - (-13 - -83 - -12).
-72
1 + -4 - ((-52 - -45) + -12) - 0
16
Calculate 52 + (-39 - (-27 + 30)) - (127 - 3).
-114
What is the value of (-2 + 1 - 62 - 1) + (5908 - 5918)?
-74
Evaluate -42 + (-38 - (-91 + 0)).
11
What is (1 - (-5 - 0)) + (6 - 18) + 20 + -64?
-50
Calculate (-12 - -99 - (6 - (-7 + 14) - -9)) + -6.
73
(-66 - -75) + (9 - 10 - (-83 - 3))
94
What is 146 - (-120 + 319) - (-5 + 4 + -5)?
-47
What is (104 - (13 - -41) - 38) + -117 + 1?
-104
Evaluate 14771 - 14832 - (1 + -84).
22
Calculate -21 + (-24 - -40) - (9 + 22 + (6 - 1)).
-41
Calculate 2 - (35 + -105) - 57.
15
Evaluate (-3 + -15 + 9 - (-111 + -17)) + 3.
122
Calculate (-5 + -9 + 4 - 7) + -12 + 18.
-11
Evaluate 37 + (7 + -20 - -28).
52
What is the value of 69 + (-78 - -82) - 89?
-16
What is 14 + 1 - (-116 + 109 - -78)?
-56
What is 20 + -8 + (-7 - 13) - (-4 + 8 + 49)?
-61
What is the value of (-3 - (-17 + 13 + 34)) + (-15 - 1)?
-49
Calculate 5 - 3 - (13 - (4 + -5)).
-12
Calculate 3 + -1 + (-11 - (13 - 9 - 9)) - 65.
-69
What is 0 + 17 + -26 + 14 + 3 + -2?
6
(4 - -2) + (-1 + -1 - (80 + (-93 - -70)))
-53
Evaluate 2 + -55 + -1 + -11 + 33 + -9 + -7.
-48
Calculate 14 + (-75 + 9 + 14 + -9 - 11).
-58
What is (-3 + 58 - 7) + -190 + 179?
37
What is (189 - (-42 + 52)) + -70?
109
What is -95 + 81 + (0 - 15) + 72?
43
Evaluate -177 + 163 + (7 - 0) + 4.
-3
Evaluate -47 - (28 + (-127 - -18)).
34
Evaluate 0 - 0 - (-1 + 3) - (42 - 100) - -4.
60
What is 140 - 135 - (-1 - -11) - (2 - (-3 + 2))?
-8
What is 115 + -126 - (-2 + (-1 - 5) + 9 + -3)?
-9
Evaluate -39 + (0 - (-22 + 3 - (97 - 103))).
-26
What is the value of 2 - (0 - -51) - (-3 + (12 + -13 - 5))?
-40
Calculate 43 - (-1 - (9 + (-19 - -12 - -2) + -1)).
47
Evaluate (-7 - -2) + (12 - -1 - -63 - 16).
55
14 - (-21 + 7 + -7 + 3)
32
Evaluate -5 - 9 - (-333 + 257 + -2 + 20).
44
What is the value of 56 - ((-3 - -2) + (1 + -2 - (-135 + 123)))?
46
What is the value of (-64 - 5) + 18 + -7 + -18 + 5 + 1?
-70
What is 74 - (-2 + (-4 + -1 - (-88 - -68)) + -25)?
86
What is the value of 12 - 13 - (19 - 9) - (1 + -3) - 72?
-81
What is the value of 16 + -1 - (-169 - (-34 - 58))?
92
Evaluate -32 + 6 + 66 - 25.
15
What is the value of -1990 + 2015 + (-1 - -13)?
37
What is (116 - (203 + -89)) + -3 + 73 + 3?
75
Evaluate (-14 - -9 - 12 - -7) + 2 + 34 - 7.
19
Evaluate (-293 + 280 + -1 + 29 - 8) + (74 - -1).
82
3 + 78 + -51 - (-12 + -66)
108
What is the value of (-1 - 6) + 31 + 45 - (-550 + 534)?
85
Evaluate ((1280 - 1315) + 20 + -1 - -19) + 94 + 0.
97
(46 - 4) + -99 - -86
29
(1079 - 1165 - (-30 - 0)) + -2 + (-11 - -2)
-67
Evaluate 32 + 0 + -4 + 2 + -5 + (-33 - -29).
21
Evaluate -2 + 50 + 101 + -28 + (-2 - -14).
133
(0 - (77 - -3)) + -11 - (-6 - (7 + -3))
-81
What is the value of (19897 - 19905) + 2 + (19 - (6 + -3))?
10
Calculate 19 + (-36 - 34) + 92.
41
Calculate (2 + 0 - ((14 - -55) + -67)) + (93 - 6).
87
-49 + -2 - -84 - 98
-65
Evaluate (-9 - (-21 - (0 - 0))) + 25 + -5.
32
Evaluate 6 - (-42 + -32 + 155).
-75
What is (43 - 51) + (0 - 5 - (5 - 16)) + -6?
-8
What is the value of -60 - -3 - ((-44 - -59) + -36)?
-36
Evaluate (-26 - -63) + -10 + 2.
29
(-1529 - -1523) + 15 + (-3 - 0)
6
2 + -1 + 2 - (-48 - -57)
-6
Calculate 13 + (-72 - (-16 + -23 + 17)).
-37
Calculate (30 - 50) + 42 + -20 - -2.
4
50530 - 50631 - (-7 - (2 - (0 - -1)))
-93
What is -19 + ((-26 - 38) + 22 - -27)?
-34
What is the value of -1 + (19 - 2) + -85 + 82 - -17?
30
0 + (-7 - -121 - 4) - ((-4 - 1) + 4)
111
Calculate -11 - (-3 + 5) - (-49 - -23 - -17).
-4
-2 - (-3 + 43 + -68 + -13 + -1 + -4)
44
What is the value of -3 - (-33 - 0) - ((-115 - -203) + -68)?
10
What is 87 - (6 + -48 - -68)?
61
Calculate 0 + -52 + (-2234 - -2225).
-61
Evaluate -96 + (15 - (13 + -4 + 9)).
-99
What is -57 - (-131 + -92 + 110)?
56
Evaluate 7 + (-123 - ((-1 - (4 - 0)) +